alculate x(i).
5
Let w = -94 - -103. Suppose -2*j = j - 9. Let s(y) = -1 + y**j + y + 0 + 5*y**2 - 6*y + w. What is s(-6)?
2
Let v(j) = 3*j**2 - 13*j - 6. Suppose 0*f + 2*f = -o, 15 = 4*f - 7*f. Give v(o).
164
Suppose 520 = 107*u - 27*u + 280. Let f(k) = 3*k - 9. Determine f(u).
0
Let t(a) = 2*a + 2. Let f(i) = -17*i + 131. Suppose -5*r = 3*w - 14, 3*r + 65 = 59. Let h be f(w). Calculate t(h).
-8
Let a(b) = 2*b + 1. Let s(v) = 10*v + 16. Let c = -84 - -83. Let t(i) = c*s(i) + 6*a(i). Determine t(6).
2
Let s(j) = j**2 + 9*j - 20. Let k(x) = -2*x**2 - 23*x + 41. Suppose 2*a - 3*a = -5. Let y(i) = a*s(i) + 2*k(i). Determine y(0).
-18
Suppose -5*y + 35 = -0*y. Let b(i) = 2*i - 62 + 14 + 20 + 14 + 19. Determine b(y).
19
Let l(c) = -c - 29. Let n(r) = -16*r**2 - 5*r + 8. Let g be n(1). What is l(g)?
-16
Let o(k) = -4*k + 45*k + 0 - 10*k + 5 + 16*k. What is o(0)?
5
Let n(b) = 6*b + 7. Let z(m) = 8*m + 8. Suppose 4*g = -a - 4*a + 19, -2*a + 2 = -4*g. Let y(c) = a*n(c) - 2*z(c). Give y(-8).
-11
Suppose -8*f + 4*f - 160 = 0. Let u be -37 - (2/(-10) - 18/10). Let m = f - u. Let r(b) = 2*b + 7. Give r(m).
-3
Let h = 4084 - 4081. Let n(z) be the first derivative of z**3/3 - z**2 - z + 1. What is n(h)?
2
Let z(r) = -r**3 + 13*r**2 - 2*r - 3. Let a(q) = 5*q**3 - 66*q**2 + 10*q + 16. Let u(t) = 2*a(t) + 11*z(t). Give u(11).
-23
Let k(o) = 325*o - 1944. Let u be k(6). Let d(s) be the third derivative of 5*s**2 + 1/120*s**u + 1/6*s**3 + 0*s - 1/30*s**5 + 0 - 1/6*s**4. Calculate d(3).
-2
Let l(r) = -r**2 + 28*r + 171. Let w be l(33). Let a(m) = -2*m**3 + 14*m**2 - 15*m + 5. What is a(w)?
-13
Let c = -7 + 5. Let p = -272 - -360. Let d(o) = 23*o - p*o + 29*o + 2 + 30*o. Calculate d(c).
14
Let n(v) be the third derivative of v**6/120 + v**4/12 - v**3/6 - 1353*v**2. Give n(3).
32
Suppose -3*s - 9 + 51 = 0. Let m(p) = p - 14. Let y be m(s). Let b(w) = 7*w - 29 - 25 + 52 + y*w**2 - w**2. What is b(6)?
4
Let x(v) be the first derivative of -v**4/4 + 4*v**3 + 15*v**2/2 - 29*v + 2389. Calculate x(13).
-3
Let t(h) = -4 - h + 3 + 0. Let q = 162 - 157. Suppose -20*r + 18*r + 9 = 5*b, -q*b = 3*r - 11. Determine t(b).
-2
Let w(f) = 3*f**2 - 2*f + 58. Let r(c) = 5*c**2 - 5*c + 104. Let s(t) = -4*r(t) + 7*w(t). Determine s(-5).
-15
Let c(h) be the first derivative of h**5/20 - 7*h**4/12 + 7*h**3/6 - 9*h**2/2 - 74*h - 79. Let o(y) be the first derivative of c(y). Give o(6).
-3
Suppose 0 = -0*g - 19*g + 95. Suppose 34 = 4*s + 14. Let n(z) = -3 - z + 4 + s. Give n(g).
1
Let o be (-4)/((8/(-12))/(14/(-21))). Let p(q) = -q**2 - q + 4. Give p(o).
-8
Let z(x) = x**3 - 9*x**2 + 8*x + 7. Let h be (-8 - 0) + (1 - (-2 + -13)). Calculate z(h).
7
Let y(z) = -9*z - 42. Let u be y(-5). Let d = 10 + -9. Let c(b) = 2*b**2 + 1 - 6*b - b**u + 5*b + d. Determine c(2).
0
Let y(q) = -190 + 4*q - 16*q**2 + 42 + 58 + 36 + 45. Give y(2).
-65
Let w(l) be the third derivative of -l**6/120 - 3*l**5/20 - 5*l**4/8 + 2*l**3 + 4926*l**2. Determine w(-6).
-6
Let c(w) = 3 - 2261*w + 1152*w + 1144*w + 3. Calculate c(-1).
-29
Let d(q) = 144*q + 563. Let h(b) = -77*b - 301. Let n(c) = -15*d(c) - 28*h(c). Let x = 0 + -8. Calculate n(x).
15
Let w(z) = -11*z + 115. Suppose -11 = 6706*k - 6707*k. Calculate w(k).
-6
Let z(l) = 3*l**3 + 2*l**2 + 2*l + 1. Suppose 0 = 5*v - 203 - 557. Let n = -153 + v. Give z(n).
-2
Let s = 4 + -4. Let w(t) = -13*t + 4. Let r(y) = 177*y - 56. Let f(h) = -2*r(h) - 27*w(h). Give f(s).
4
Let t(k) = 12*k**2 + 1. Let h(v) = -5*v + 57. Let l be h(12). Let c be (l - 48/(-18))*0 - -1. Determine t(c).
13
Suppose 5*q = -3*a + 5 - 22, 0 = 4*q - a. Let x(v) be the third derivative of -1/6*v**3 + 2*v**2 + 0*v - 1/12*v**4 + 2. Determine x(q).
1
Let g be (20/(-15))/((-2)/9 - 0). Let h(k) = -k**2 + 7*k - 8. Let t be h(g). Let f be (2/6 - -1)/(t/(-9)). Let m(a) = -a**2 + 6*a - 5. Calculate m(f).
-5
Let y(q) be the first derivative of -8*q**2 - 1/3*q**3 - 47 - 20*q. Determine y(-15).
-5
Let u be 1/((4/10)/2). Let c(r) be the third derivative of -r**5/60 - r**4/24 + 5*r**3/6 + 7*r**2 + 7*r + 1. Determine c(u).
-25
Let u be ((-806)/39)/(-3*(-4)/(-18)). Suppose -30*n + 4 = -u*n. Let w(c) = -2*c**3 - 2*c + 4 + c**3 - 7*c**2 + c**2. Give w(n).
-20
Suppose -5*t + 7 = -2*x, 21 - 20 = -x + 5*t. Let g(b) = 20*b - 3. Give g(x).
-123
Let v(u) be the first derivative of 12*u + 0*u**2 - u**2 - 4 - 2*u. Suppose 13*b + 41928 - 42045 = 0. Calculate v(b).
-8
Let g(z) = -9*z**2 - 134*z - 3. Let a(w) = 7*w**2 + 111*w + 2. Let b(x) = 6*a(x) + 5*g(x). Let v = 13 - 15. Determine b(v).
-7
Let n(t) = t**3 - t**2 - 3*t - 1. Suppose -3*y - 3*c + 66 = 0, -3*y - 5*c + 90 = 20. Let f be (-8)/y + -17*(-3)/15. Calculate n(f).
8
Let l(s) = -90 + 5*s**2 - 12*s**2 - s**2 + 13*s**2 - 4*s**2 + 9*s. Determine l(6).
0
Let d(m) = 2*m**2 + 2*m - 3*m**2 - 8*m - 4. Let u = -91 - -95. Let b = u + -9. Calculate d(b).
1
Let s = 3541 - 3540. Let k(d) = -3*d + 5. Calculate k(s).
2
Suppose -5*h + 9800*w - 9796*w = 84, 0 = -5*h + 6*w - 126. Suppose 17 = 4*g - 3. Let u(z) = -2 + 0 + z + g. Give u(h).
3
Let m(w) be the first derivative of -5*w**2/2 + 36*w - 7341. Determine m(0).
36
Let z(q) be the second derivative of 1/20*q**5 + 0 - 1/2*q**2 + 0*q**4 + 76*q - 1/3*q**3. Give z(2).
3
Let u(x) = 2*x**3 - x**2 - 2*x + 2. Let c(w) = -4*w - 50. Let o be c(-12). Determine u(o).
-14
Let v(w) = 4439*w - 2219*w - 4 - 2221*w + w**2. What is v(-2)?
2
Suppose 4*j + 189 = 3*y - 65, -8 = -2*j. Let w = y - 73. Let i(q) = -q**3 + 17*q**2 - q + 24. What is i(w)?
7
Let z(d) = d**2 + 14*d - 124. Let x(l) = 3*l**2 + 36*l - 372. Let g(u) = -3*x(u) + 8*z(u). Determine g(-9).
7
Let j(a) = 4*a**3 + 9*a**2 + 4*a + 7. Let y(r) = 15*r + 18*r - 44*r + 16*r + 3*r**3 + 7 + 9*r**2. Let d(x) = -2*j(x) + 3*y(x). What is d(-8)?
15
Suppose 6*n = -7 - 11. Let r be -4*n/6 - (-10)/(-5). Suppose 19*w - 29 - 104 = r. Let o(g) = g**3 - 6*g**2 - 7*g - 3. What is o(w)?
-3
Let g(m) = 5*m + 5. Let c(o) = 4*o - 12. Let i be c(9). Suppose 3*q - 7*q = i. Give g(q).
-25
Suppose 9 = 2*a + 5*r - 15, 0 = 3*a - 2*r + 2. Let h(o) = 4 + 10*o + 6*o - a*o**2 + 2*o**3 - o - 19*o. What is h(2)?
4
Let l(q) be the third derivative of -q**4/8 - 11*q**3/3 - 188*q**2 + 1. What is l(10)?
-52
Let h(p) = -8 - p**2 + p + 4*p + p. Let q be (68/8)/(1/6). Let z be 289/q + 2/6. Calculate h(z).
-8
Suppose -t - 5*t = 192. Let i = -29 - t. Suppose -4*a = -f - 13, -12 = i*f - 5*a + 6. Let q(k) = -2*k**3 - k**2. Determine q(f).
1
Let x be (-231)/(-154)*4/6 - (-1 + 13). Let u(y) = -y**3 - 11*y**2 - 4*y - 29. Calculate u(x).
15
Let u(r) be the second derivative of -1/20*r**5 - 5/6*r**3 + 7/12*r**4 + 0 + r**2 + 44*r. Determine u(6).
8
Let j(x) = 29*x**2 + 77 + 0 - 1 + 19*x - 61 + 3*x**3. What is j(-9)?
6
Let w = -325 - -330. Suppose -z + 2*f - 3 = 11, 45 = -w*z + 5*f. Let o(x) = -x**2 - 9*x - 4. What is o(z)?
16
Let t(s) = -2*s**3 + 6*s**2 + 6*s + 2. Suppose 109*m + 12 = 112*m. What is t(m)?
-6
Let i(p) = -7*p - 3. Suppose -r + 18 = 9. Let h(o) = -15*o - 6. Let t(s) = s**3 - 8*s**2 - 10*s + 5. Let j be t(9). Let f(z) = j*h(z) + r*i(z). What is f(-5)?
12
Let x(n) = n**3 + 9*n**2 + 7*n - 3. Suppose 0 = 3*q + 5*w + 6, 8*q + w = 7*q - 4. Calculate x(q).
46
Let n = -2 - -3. Let t(m) = -5*m + 18*m**2 - 365 + 364 - 7*m**2 - 10*m + 17*m. Determine t(n).
12
Let k(z) be the first derivative of -z**6/360 - z**5/20 + 3*z**4/8 + 11*z**3 + 15. Let l(s) be the third derivative of k(s). Determine l(-7).
2
Let h(v) = 4 + 3*v - 2 - v. Let m(y) = y**3 + 14*y**2 - 12*y + 20. Let k be m(-15). Let x be (3/5)/(0 + 5/k). Calculate h(x).
-4
Let j = 11 - 15. Suppose -20*l = -7 - 53. Let m(x) = 5 + 4*x - 12*x + l*x + 6*x. Calculate m(j).
1
Let g(y) = 374 + 376 - 7*y - 1116 + 375. Give g(5).
-26
Suppose -2*o + 85 - 107 = 0. Let b = 14 + o. Let n(i) = -2*i**3 + b*i**3 + 2 - i - i + 0. What is n(2)?
6
Let k(i) = i**3 - 9*i**2 - 8*i + 2. Let g = 2590 - 2580. What is k(g)?
22
Suppose -5*v = 240 - 265. Let m(k) be the second derivative of -k**3/6 + 11*k**2/2 - k. Calculate m(v).
6
Let t(i) = 7*i**2 + 49*i + 206. Let j(g) = 12*g**2 + 91*g + 408. Let b(h) = 3*j(h) - 5*t(h). Calculate b(-12).
2
Suppose q + 8*q = 45. Let t(l) = 49*l + 42*l + q*l**2 - 90*l. Give t(1).
6
Let l(r) be the first derivative of 7*r**3/3 + 12*r**2 - 49*r + 8475. Give l(-5).
6
Let s(t) be th